[INFO] cloning repository https://github.com/athorwall/vulkan-project
[INFO] running `Command { std: "git" "-c" "credential.helper=" "-c" "credential.helper=/workspace/cargo-home/bin/git-credential-null" "clone" "--bare" "https://github.com/athorwall/vulkan-project" "/workspace/cache/git-repos/https%3A%2F%2Fgithub.com%2Fathorwall%2Fvulkan-project", kill_on_drop: false }`
[INFO] [stderr] Cloning into bare repository '/workspace/cache/git-repos/https%3A%2F%2Fgithub.com%2Fathorwall%2Fvulkan-project'...
[INFO] running `Command { std: "git" "rev-parse" "HEAD", kill_on_drop: false }`
[INFO] [stdout] 4b384d131789c973f60ae917707e2f9a1cb510c6
[INFO] checking athorwall/vulkan-project against master#af3c6e733a40e671550e0f0f5aeecaa13772ba56 for pr-74989
[INFO] running `Command { std: "git" "clone" "/workspace/cache/git-repos/https%3A%2F%2Fgithub.com%2Fathorwall%2Fvulkan-project" "/workspace/builds/worker-11/source", kill_on_drop: false }`
[INFO] [stderr] Cloning into '/workspace/builds/worker-11/source'...
[INFO] [stderr] done.
[INFO] validating manifest of git repo https://github.com/athorwall/vulkan-project on toolchain af3c6e733a40e671550e0f0f5aeecaa13772ba56
[INFO] running `Command { std: "/workspace/cargo-home/bin/cargo" "+af3c6e733a40e671550e0f0f5aeecaa13772ba56" "read-manifest" "--manifest-path" "Cargo.toml", kill_on_drop: false }`
[INFO] started tweaking git repo https://github.com/athorwall/vulkan-project
[INFO] removed path dependency vulkano from git repo https://github.com/athorwall/vulkan-project
[INFO] removed path dependency vulkano-shader-derive from git repo https://github.com/athorwall/vulkan-project
[INFO] removed path dependency vulkano-win from git repo https://github.com/athorwall/vulkan-project
[INFO] finished tweaking git repo https://github.com/athorwall/vulkan-project
[INFO] tweaked toml for git repo https://github.com/athorwall/vulkan-project written to /workspace/builds/worker-11/source/Cargo.toml
[INFO] crate git repo https://github.com/athorwall/vulkan-project already has a lockfile, it will not be regenerated
[INFO] running `Command { std: "/workspace/cargo-home/bin/cargo" "+af3c6e733a40e671550e0f0f5aeecaa13772ba56" "fetch" "--locked" "--manifest-path" "Cargo.toml", kill_on_drop: false }`
[INFO] [stderr] warning: dependency (vulkano) specified without providing a local path, Git repository, or version to use. This will be considered an error in future versions
[INFO] [stderr] warning: dependency (vulkano-shader-derive) specified without providing a local path, Git repository, or version to use. This will be considered an error in future versions
[INFO] [stderr] warning: dependency (vulkano-win) specified without providing a local path, Git repository, or version to use. This will be considered an error in future versions
[INFO] [stderr]     Updating crates.io index
[INFO] [stderr] error: the lock file /workspace/builds/worker-11/source/Cargo.lock needs to be updated but --locked was passed to prevent this
[INFO] [stderr] If you want to try to generate the lock file without accessing the network, use the --offline flag.
[INFO] the lockfile is outdated, regenerating it
[INFO] running `Command { std: "/workspace/cargo-home/bin/cargo" "+af3c6e733a40e671550e0f0f5aeecaa13772ba56" "generate-lockfile" "--manifest-path" "Cargo.toml" "-Zno-index-update", kill_on_drop: false }`
[INFO] [stderr]     Blocking waiting for file lock on package cache
[INFO] running `Command { std: "/workspace/cargo-home/bin/cargo" "+af3c6e733a40e671550e0f0f5aeecaa13772ba56" "fetch" "--locked" "--manifest-path" "Cargo.toml", kill_on_drop: false }`
[INFO] [stderr] warning: dependency (vulkano) specified without providing a local path, Git repository, or version to use. This will be considered an error in future versions
[INFO] [stderr] warning: dependency (vulkano-shader-derive) specified without providing a local path, Git repository, or version to use. This will be considered an error in future versions
[INFO] [stderr] warning: dependency (vulkano-win) specified without providing a local path, Git repository, or version to use. This will be considered an error in future versions
[INFO] running `Command { std: "docker" "create" "-v" "/var/lib/crater-agent-workspace/builds/worker-11/target:/opt/rustwide/target:rw,Z" "-v" "/var/lib/crater-agent-workspace/builds/worker-11/source:/opt/rustwide/workdir:ro,Z" "-v" "/var/lib/crater-agent-workspace/cargo-home:/opt/rustwide/cargo-home:ro,Z" "-v" "/var/lib/crater-agent-workspace/rustup-home:/opt/rustwide/rustup-home:ro,Z" "-e" "SOURCE_DIR=/opt/rustwide/workdir" "-e" "CARGO_TARGET_DIR=/opt/rustwide/target" "-e" "CARGO_HOME=/opt/rustwide/cargo-home" "-e" "RUSTUP_HOME=/opt/rustwide/rustup-home" "-w" "/opt/rustwide/workdir" "-m" "1610612736" "--user" "0:0" "--network" "none" "rustops/crates-build-env@sha256:d92eaeed33fa75130ca1ee6c8a01d1ffb62bac859dfdfb3450e3e5d1c0146529" "/opt/rustwide/cargo-home/bin/cargo" "+af3c6e733a40e671550e0f0f5aeecaa13772ba56" "metadata" "--no-deps" "--format-version=1", kill_on_drop: false }`
[INFO] [stdout] eadddbab464456719d0783c58ba37e1e23a9027e70cba378f7c16db0bbdc74a6
[INFO] [stderr] WARNING: Your kernel does not support swap limit capabilities or the cgroup is not mounted. Memory limited without swap.
[INFO] running `Command { std: "docker" "start" "-a" "eadddbab464456719d0783c58ba37e1e23a9027e70cba378f7c16db0bbdc74a6", kill_on_drop: false }`
[INFO] running `Command { std: "docker" "inspect" "eadddbab464456719d0783c58ba37e1e23a9027e70cba378f7c16db0bbdc74a6", kill_on_drop: false }`
[INFO] running `Command { std: "docker" "rm" "-f" "eadddbab464456719d0783c58ba37e1e23a9027e70cba378f7c16db0bbdc74a6", kill_on_drop: false }`
[INFO] [stdout] eadddbab464456719d0783c58ba37e1e23a9027e70cba378f7c16db0bbdc74a6
[INFO] running `Command { std: "docker" "create" "-v" "/var/lib/crater-agent-workspace/builds/worker-11/target:/opt/rustwide/target:rw,Z" "-v" "/var/lib/crater-agent-workspace/builds/worker-11/source:/opt/rustwide/workdir:ro,Z" "-v" "/var/lib/crater-agent-workspace/cargo-home:/opt/rustwide/cargo-home:ro,Z" "-v" "/var/lib/crater-agent-workspace/rustup-home:/opt/rustwide/rustup-home:ro,Z" "-e" "SOURCE_DIR=/opt/rustwide/workdir" "-e" "CARGO_TARGET_DIR=/opt/rustwide/target" "-e" "CARGO_INCREMENTAL=0" "-e" "RUST_BACKTRACE=full" "-e" "RUSTFLAGS=--cap-lints=forbid" "-e" "CARGO_HOME=/opt/rustwide/cargo-home" "-e" "RUSTUP_HOME=/opt/rustwide/rustup-home" "-w" "/opt/rustwide/workdir" "-m" "1610612736" "--user" "0:0" "--network" "none" "rustops/crates-build-env@sha256:d92eaeed33fa75130ca1ee6c8a01d1ffb62bac859dfdfb3450e3e5d1c0146529" "/opt/rustwide/cargo-home/bin/cargo" "+af3c6e733a40e671550e0f0f5aeecaa13772ba56" "check" "--frozen" "--all" "--all-targets" "--message-format=json", kill_on_drop: false }`
[INFO] [stderr] WARNING: Your kernel does not support swap limit capabilities or the cgroup is not mounted. Memory limited without swap.
[INFO] [stdout] 99dbacedece342a5d3c7482fb2794d77f2f6215c8b547f4c4dd4a3655e68a40d
[INFO] running `Command { std: "docker" "start" "-a" "99dbacedece342a5d3c7482fb2794d77f2f6215c8b547f4c4dd4a3655e68a40d", kill_on_drop: false }`
[INFO] [stderr] warning: dependency (vulkano) specified without providing a local path, Git repository, or version to use. This will be considered an error in future versions
[INFO] [stderr] warning: dependency (vulkano-shader-derive) specified without providing a local path, Git repository, or version to use. This will be considered an error in future versions
[INFO] [stderr] warning: dependency (vulkano-win) specified without providing a local path, Git repository, or version to use. This will be considered an error in future versions
[INFO] [stderr]     Blocking waiting for file lock on package cache
[INFO] [stderr]    Compiling libc v0.2.77
[INFO] [stderr]     Checking cfg-if v0.1.10
[INFO] [stderr]     Checking lazy_static v1.4.0
[INFO] [stderr]    Compiling bitflags v1.2.1
[INFO] [stderr]    Compiling proc-macro2 v0.4.30
[INFO] [stderr]     Checking scopeguard v1.1.0
[INFO] [stderr]    Compiling log v0.4.11
[INFO] [stderr]    Compiling nix v0.14.1
[INFO] [stderr]    Compiling getrandom v0.1.15
[INFO] [stderr]     Checking lazycell v1.3.0
[INFO] [stderr]     Checking rand_core v0.4.2
[INFO] [stderr]     Checking same-file v1.0.6
[INFO] [stderr]     Checking smallvec v1.4.2
[INFO] [stderr]    Compiling syn v0.15.44
[INFO] [stderr]    Compiling nix v0.11.1
[INFO] [stderr]     Checking xdg v2.2.0
[INFO] [stderr]     Checking scopeguard v0.3.3
[INFO] [stderr]    Compiling num-derive v0.2.5
[INFO] [stderr]     Checking color_quant v1.0.1
[INFO] [stderr]     Checking instant v0.1.6
[INFO] [stderr]     Checking fnv v1.0.7
[INFO] [stderr]     Checking percent-encoding v2.1.0
[INFO] [stderr]     Checking half v1.6.0
[INFO] [stderr]     Checking lzw v0.10.0
[INFO] [stderr]     Checking scoped_threadpool v0.1.9
[INFO] [stderr]     Checking approx v0.1.1
[INFO] [stderr]     Checking percent-encoding v1.0.1
[INFO] [stderr]     Checking vulkano-shader-derive v0.11.0
[INFO] [stderr]    Compiling num-traits v0.2.12
[INFO] [stderr]    Compiling crossbeam-utils v0.7.2
[INFO] [stderr]    Compiling memoffset v0.5.5
[INFO] [stderr]    Compiling crossbeam-epoch v0.8.2
[INFO] [stderr]    Compiling num-integer v0.1.43
[INFO] [stderr]    Compiling rayon v1.4.0
[INFO] [stderr]    Compiling num-iter v0.1.41
[INFO] [stderr]    Compiling x11-dl v2.18.5
[INFO] [stderr]     Checking lock_api v0.3.4
[INFO] [stderr]     Checking walkdir v2.3.1
[INFO] [stderr]     Checking rand_core v0.3.1
[INFO] [stderr]     Checking libloading v0.6.3
[INFO] [stderr]     Checking lock_api v0.1.5
[INFO] [stderr]     Checking gif v0.10.3
[INFO] [stderr]    Compiling parking_lot_core v0.3.1
[INFO] [stderr]     Checking stb_truetype v0.3.1
[INFO] [stderr]     Checking deflate v0.7.20
[INFO] [stderr]     Checking dlib v0.4.2
[INFO] [stderr]    Compiling xml-rs v0.7.0
[INFO] [stderr]     Checking wayland-sys v0.23.6
[INFO] [stderr]     Checking wayland-sys v0.20.12
[INFO] [stderr]     Checking wayland-commons v0.20.12
[INFO] [stderr]     Checking crossbeam-channel v0.4.4
[INFO] [stderr]     Checking crossbeam-queue v0.2.3
[INFO] [stderr]    Compiling quote v0.6.13
[INFO] [stderr]     Checking crossbeam-deque v0.7.3
[INFO] [stderr]     Checking iovec v0.1.4
[INFO] [stderr]     Checking net2 v0.2.35
[INFO] [stderr]     Checking num_cpus v1.13.0
[INFO] [stderr]     Checking memmap v0.7.0
[INFO] [stderr]     Checking parking_lot_core v0.7.2
[INFO] [stderr]     Checking rand v0.5.6
[INFO] [stderr]     Checking shared_library v0.1.9
[INFO] [stderr]     Checking rand v0.4.6
[INFO] [stderr]     Checking raw-window-handle v0.3.3
[INFO] [stderr]     Checking memmap v0.6.2
[INFO] [stderr]     Checking time v0.1.44
[INFO] [stderr]    Compiling wayland-scanner v0.23.6
[INFO] [stderr]    Compiling wayland-scanner v0.20.12
[INFO] [stderr]     Checking rand_core v0.5.1
[INFO] [stderr]     Checking mio v0.6.22
[INFO] [stderr]     Checking parking_lot v0.10.2
[INFO] [stderr]     Checking rayon-core v1.8.0
[INFO] [stderr]     Checking crossbeam v0.7.3
[INFO] [stderr]     Checking approx v0.3.2
[INFO] [stderr]     Checking ordered-float v1.1.0
[INFO] [stderr]     Checking line_drawing v0.7.0
[INFO] [stderr]     Checking num-traits v0.1.43
[INFO] [stderr]     Checking vulkano v0.19.0
[INFO] [stderr]     Checking rand_chacha v0.2.2
[INFO] [stderr]     Checking rusttype v0.8.3
[INFO] [stderr]     Checking rand v0.3.23
[INFO] [stderr]    Compiling wayland-client v0.20.12
[INFO] [stderr]    Compiling wayland-protocols v0.20.12
[INFO] [stderr]     Checking num-rational v0.1.42
[INFO] [stderr]     Checking rand v0.7.3
[INFO] [stderr]     Checking cgmath v0.14.1
[INFO] [stderr]     Checking mio-extras v2.0.6
[INFO] [stderr]     Checking png v0.12.0
[INFO] [stderr]     Checking rusttype v0.7.9
[INFO] [stderr]     Checking parking_lot v0.6.4
[INFO] [stderr]     Checking andrew v0.2.1
[INFO] [stderr]    Compiling wayland-client v0.23.6
[INFO] [stderr]    Compiling wayland-protocols v0.23.6
[INFO] [stderr]     Checking tempfile v3.1.0
[INFO] [stderr]     Checking calloop v0.4.4
[INFO] [stderr]     Checking wayland-commons v0.23.6
[INFO] [stderr]     Checking jpeg-decoder v0.1.20
[INFO] [stderr]     Checking smithay-client-toolkit v0.2.6
[INFO] [stderr]     Checking image v0.19.0
[INFO] [stderr]     Checking winit v0.16.2
[INFO] [stderr]     Checking smithay-client-toolkit v0.6.6
[INFO] [stderr]     Checking winit v0.22.2
[INFO] [stderr]     Checking vulkano-win v0.19.0
[INFO] [stderr]     Checking render v0.1.0 (/opt/rustwide/workdir)
[INFO] [stdout] warning: trait objects without an explicit `dyn` are deprecated
[INFO] [stdout]   --> src/graphics.rs:36:31
[INFO] [stdout]    |
[INFO] [stdout] 36 |     pub framebuffers: Vec<Arc<FramebufferAbstract + Send + Sync>>,
[INFO] [stdout]    |                               ^^^^^^^^^^^^^^^^^^^^^^^^^^^^^^^^^ help: use `dyn`: `dyn FramebufferAbstract + Send + Sync`
[INFO] [stdout]    |
[INFO] [stdout]    = note: `#[warn(bare_trait_objects)]` on by default
[INFO] [stdout] 
[INFO] [stdout] 
[INFO] [stdout] warning: trait objects without an explicit `dyn` are deprecated
[INFO] [stdout]   --> src/graphics.rs:38:25
[INFO] [stdout]    |
[INFO] [stdout] 38 |     pub renderpass: Arc<RenderPassAbstract + Send + Sync>,
[INFO] [stdout]    |                         ^^^^^^^^^^^^^^^^^^^^^^^^^^^^^^^^ help: use `dyn`: `dyn RenderPassAbstract + Send + Sync`
[INFO] [stdout] 
[INFO] [stdout] 
[INFO] [stdout] warning: trait objects without an explicit `dyn` are deprecated
[INFO] [stdout]    --> src/graphics.rs:141:24
[INFO] [stdout]     |
[INFO] [stdout] 141 |             let f: Arc<FramebufferAbstract + Send + Sync> = Arc::new(
[INFO] [stdout]     |                        ^^^^^^^^^^^^^^^^^^^^^^^^^^^^^^^^^ help: use `dyn`: `dyn FramebufferAbstract + Send + Sync`
[INFO] [stdout] 
[INFO] [stdout] 
[INFO] [stdout] warning: trait objects without an explicit `dyn` are deprecated
[INFO] [stdout]    --> src/graphics.rs:218:24
[INFO] [stdout]     |
[INFO] [stdout] 218 |             let f: Arc<FramebufferAbstract + Send + Sync> = Arc::new(
[INFO] [stdout]     |                        ^^^^^^^^^^^^^^^^^^^^^^^^^^^^^^^^^ help: use `dyn`: `dyn FramebufferAbstract + Send + Sync`
[INFO] [stdout] 
[INFO] [stdout] 
[INFO] [stdout] warning: trait objects without an explicit `dyn` are deprecated
[INFO] [stdout]    --> src/graphics.rs:239:56
[INFO] [stdout]     |
[INFO] [stdout] 239 |     pub fn load_texture(&self, filename: &str) -> (Arc<ImageViewAccess + Send + Sync>, Box<GpuFuture>) {
[INFO] [stdout]     |                                                        ^^^^^^^^^^^^^^^^^^^^^^^^^^^^^ help: use `dyn`: `dyn ImageViewAccess + Send + Sync`
[INFO] [stdout] 
[INFO] [stdout] 
[INFO] [stdout] warning: trait objects without an explicit `dyn` are deprecated
[INFO] [stdout]    --> src/graphics.rs:239:92
[INFO] [stdout]     |
[INFO] [stdout] 239 |     pub fn load_texture(&self, filename: &str) -> (Arc<ImageViewAccess + Send + Sync>, Box<GpuFuture>) {
[INFO] [stdout]     |                                                                                            ^^^^^^^^^ help: use `dyn`: `dyn GpuFuture`
[INFO] [stdout] 
[INFO] [stdout] 
[INFO] [stdout] warning: trait objects without an explicit `dyn` are deprecated
[INFO] [stdout]    --> src/graphics.rs:252:62
[INFO] [stdout]     |
[INFO] [stdout] 252 |     pub fn create_pipeline<V, F>(&self, vs: V, fs: F) -> Arc<GraphicsPipelineAbstract + Send + Sync>
[INFO] [stdout]     |                                                              ^^^^^^^^^^^^^^^^^^^^^^^^^^^^^^^^^^^^^^ help: use `dyn`: `dyn GraphicsPipelineAbstract + Send + Sync`
[INFO] [stdout] 
[INFO] [stdout] 
[INFO] [stdout] warning: trait objects without an explicit `dyn` are deprecated
[INFO] [stdout]   --> src/graphics.rs:36:31
[INFO] [stdout]    |
[INFO] [stdout] 36 |     pub framebuffers: Vec<Arc<FramebufferAbstract + Send + Sync>>,
[INFO] [stdout]    |                               ^^^^^^^^^^^^^^^^^^^^^^^^^^^^^^^^^ help: use `dyn`: `dyn FramebufferAbstract + Send + Sync`
[INFO] [stdout]    |
[INFO] [stdout]    = note: `#[warn(bare_trait_objects)]` on by default
[INFO] [stdout] 
[INFO] [stdout] 
[INFO] [stdout] warning: trait objects without an explicit `dyn` are deprecated
[INFO] [stdout]   --> src/graphics.rs:38:25
[INFO] [stdout]    |
[INFO] [stdout] 38 |     pub renderpass: Arc<RenderPassAbstract + Send + Sync>,
[INFO] [stdout]    |                         ^^^^^^^^^^^^^^^^^^^^^^^^^^^^^^^^ help: use `dyn`: `dyn RenderPassAbstract + Send + Sync`
[INFO] [stdout] 
[INFO] [stdout] 
[INFO] [stdout] warning: trait objects without an explicit `dyn` are deprecated
[INFO] [stdout]    --> src/graphics.rs:141:24
[INFO] [stdout]     |
[INFO] [stdout] 141 |             let f: Arc<FramebufferAbstract + Send + Sync> = Arc::new(
[INFO] [stdout]     |                        ^^^^^^^^^^^^^^^^^^^^^^^^^^^^^^^^^ help: use `dyn`: `dyn FramebufferAbstract + Send + Sync`
[INFO] [stdout] 
[INFO] [stdout] 
[INFO] [stdout] warning: trait objects without an explicit `dyn` are deprecated
[INFO] [stdout]    --> src/graphics.rs:218:24
[INFO] [stdout]     |
[INFO] [stdout] 218 |             let f: Arc<FramebufferAbstract + Send + Sync> = Arc::new(
[INFO] [stdout]     |                        ^^^^^^^^^^^^^^^^^^^^^^^^^^^^^^^^^ help: use `dyn`: `dyn FramebufferAbstract + Send + Sync`
[INFO] [stdout] 
[INFO] [stdout] 
[INFO] [stdout] warning: trait objects without an explicit `dyn` are deprecated
[INFO] [stdout]    --> src/graphics.rs:239:56
[INFO] [stdout]     |
[INFO] [stdout] 239 |     pub fn load_texture(&self, filename: &str) -> (Arc<ImageViewAccess + Send + Sync>, Box<GpuFuture>) {
[INFO] [stdout]     |                                                        ^^^^^^^^^^^^^^^^^^^^^^^^^^^^^ help: use `dyn`: `dyn ImageViewAccess + Send + Sync`
[INFO] [stdout] 
[INFO] [stdout] 
[INFO] [stdout] warning: trait objects without an explicit `dyn` are deprecated
[INFO] [stdout]    --> src/graphics.rs:239:92
[INFO] [stdout]     |
[INFO] [stdout] 239 |     pub fn load_texture(&self, filename: &str) -> (Arc<ImageViewAccess + Send + Sync>, Box<GpuFuture>) {
[INFO] [stdout]     |                                                                                            ^^^^^^^^^ help: use `dyn`: `dyn GpuFuture`
[INFO] [stdout] 
[INFO] [stdout] 
[INFO] [stdout] warning: trait objects without an explicit `dyn` are deprecated
[INFO] [stdout]    --> src/graphics.rs:252:62
[INFO] [stdout]     |
[INFO] [stdout] 252 |     pub fn create_pipeline<V, F>(&self, vs: V, fs: F) -> Arc<GraphicsPipelineAbstract + Send + Sync>
[INFO] [stdout]     |                                                              ^^^^^^^^^^^^^^^^^^^^^^^^^^^^^^^^^^^^^^ help: use `dyn`: `dyn GraphicsPipelineAbstract + Send + Sync`
[INFO] [stdout] 
[INFO] [stdout] 
[INFO] [stdout] error[E0599]: no method named `build_vk_surface` found for struct `WindowBuilder` in the current scope
[INFO] [stdout]   --> src/graphics.rs:66:14
[INFO] [stdout]    |
[INFO] [stdout] 66 |             .build_vk_surface(&events_loop, instance.clone()).unwrap();
[INFO] [stdout]    |              ^^^^^^^^^^^^^^^^ method not found in `WindowBuilder`
[INFO] [stdout] 
[INFO] [stdout] 
[INFO] [stdout] error[E0061]: this function takes 14 arguments but 13 arguments were supplied
[INFO] [stdout]    --> src/graphics.rs:96:13
[INFO] [stdout]     |
[INFO] [stdout] 96  |             vulkano::swapchain::Swapchain::new(
[INFO] [stdout]     |             ^^^^^^^^^^^^^^^^^^^^^^^^^^^^^^^^^^ expected 14 arguments
[INFO] [stdout] 97  |                 device.clone(),
[INFO] [stdout]     |                 --------------
[INFO] [stdout] 98  |                 surface.clone(),
[INFO] [stdout]     |                 ---------------
[INFO] [stdout] 99  |                 caps.min_image_count,
[INFO] [stdout]     |                 --------------------
[INFO] [stdout] 100 |                 format,
[INFO] [stdout]     |                 ------
[INFO] [stdout] 101 |                 dimensions,
[INFO] [stdout]     |                 ----------
[INFO] [stdout] 102 |                 1,
[INFO] [stdout]     |                 -
[INFO] [stdout] 103 |                 usage,
[INFO] [stdout]     |                 -----
[INFO] [stdout] 104 |                 &queue,
[INFO] [stdout]     |                 ------
[INFO] [stdout] 105 |                 vulkano::swapchain::SurfaceTransform::Identity,
[INFO] [stdout]     |                 ----------------------------------------------
[INFO] [stdout] 106 |                 alpha,
[INFO] [stdout]     |                 -----
[INFO] [stdout] 107 |                 vulkano::swapchain::PresentMode::Fifo,
[INFO] [stdout]     |                 -------------------------------------
[INFO] [stdout] 108 |                 true,
[INFO] [stdout]     |                 ----
[INFO] [stdout] 109 |                 None).expect("failed to create swapchain")
[INFO] [stdout]     |                 ---- supplied 13 arguments
[INFO] [stdout] 
[INFO] [stdout] 
[INFO] [stdout] error[E0063]: missing fields `compare_mask`, `reference`, `write_mask` in initializer of `DynamicState`
[INFO] [stdout]    --> src/graphics.rs:149:29
[INFO] [stdout]     |
[INFO] [stdout] 149 |         let dynamic_state = vulkano::command_buffer::DynamicState {
[INFO] [stdout]     |                             ^^^^^^^^^^^^^^^^^^^^^^^^^^^^^^^^^^^^^ missing `compare_mask`, `reference`, `write_mask`
[INFO] [stdout] 
[INFO] [stdout] 
[INFO] [stdout] error[E0599]: no method named `recreate_with_dimension` found for struct `Arc<Swapchain<winit::Window>>` in the current scope
[INFO] [stdout]    --> src/graphics.rs:193:64
[INFO] [stdout]     |
[INFO] [stdout] 193 |         let (new_swapchain, new_images) = match self.swapchain.recreate_with_dimension(self.dimensions) {
[INFO] [stdout]     |                                                                ^^^^^^^^^^^^^^^^^^^^^^^ help: there is an associated function with a similar name: `recreate_with_dimensions`
[INFO] [stdout] 
[INFO] [stdout] 
[INFO] [stdout] error[E0061]: this function takes 4 arguments but 3 arguments were supplied
[INFO] [stdout]    --> src/graphics.rs:233:10
[INFO] [stdout]     |
[INFO] [stdout] 233 |          CpuAccessibleBuffer::from_iter(
[INFO] [stdout]     |          ^^^^^^^^^^^^^^^^^^^^^^^^^^^^^^ expected 4 arguments
[INFO] [stdout] 234 |              self.device.clone(),
[INFO] [stdout]     |              -------------------
[INFO] [stdout] 235 |              vulkano::buffer::BufferUsage::all(),
[INFO] [stdout]     |              -----------------------------------
[INFO] [stdout] 236 |              model.vertices().iter().cloned()).expect("failed to create buffer")
[INFO] [stdout]     |              -------------------------------- supplied 3 arguments
[INFO] [stdout] 
[INFO] [stdout] 
[INFO] [stdout] error[E0599]: no method named `build_vk_surface` found for struct `WindowBuilder` in the current scope
[INFO] [stdout]   --> src/graphics.rs:66:14
[INFO] [stdout]    |
[INFO] [stdout] 66 |             .build_vk_surface(&events_loop, instance.clone()).unwrap();
[INFO] [stdout]    |              ^^^^^^^^^^^^^^^^ method not found in `WindowBuilder`
[INFO] [stdout] 
[INFO] [stdout] 
[INFO] [stdout] error[E0061]: this function takes 14 arguments but 13 arguments were supplied
[INFO] [stdout]    --> src/graphics.rs:96:13
[INFO] [stdout]     |
[INFO] [stdout] 96  |             vulkano::swapchain::Swapchain::new(
[INFO] [stdout]     |             ^^^^^^^^^^^^^^^^^^^^^^^^^^^^^^^^^^ expected 14 arguments
[INFO] [stdout] 97  |                 device.clone(),
[INFO] [stdout]     |                 --------------
[INFO] [stdout] 98  |                 surface.clone(),
[INFO] [stdout]     |                 ---------------
[INFO] [stdout] 99  |                 caps.min_image_count,
[INFO] [stdout]     |                 --------------------
[INFO] [stdout] 100 |                 format,
[INFO] [stdout]     |                 ------
[INFO] [stdout] 101 |                 dimensions,
[INFO] [stdout]     |                 ----------
[INFO] [stdout] 102 |                 1,
[INFO] [stdout]     |                 -
[INFO] [stdout] 103 |                 usage,
[INFO] [stdout]     |                 -----
[INFO] [stdout] 104 |                 &queue,
[INFO] [stdout]     |                 ------
[INFO] [stdout] 105 |                 vulkano::swapchain::SurfaceTransform::Identity,
[INFO] [stdout]     |                 ----------------------------------------------
[INFO] [stdout] 106 |                 alpha,
[INFO] [stdout]     |                 -----
[INFO] [stdout] 107 |                 vulkano::swapchain::PresentMode::Fifo,
[INFO] [stdout]     |                 -------------------------------------
[INFO] [stdout] 108 |                 true,
[INFO] [stdout]     |                 ----
[INFO] [stdout] 109 |                 None).expect("failed to create swapchain")
[INFO] [stdout]     |                 ---- supplied 13 arguments
[INFO] [stdout] 
[INFO] [stdout] 
[INFO] [stdout] error[E0063]: missing fields `compare_mask`, `reference`, `write_mask` in initializer of `DynamicState`
[INFO] [stdout]    --> src/graphics.rs:149:29
[INFO] [stdout]     |
[INFO] [stdout] 149 |         let dynamic_state = vulkano::command_buffer::DynamicState {
[INFO] [stdout]     |                             ^^^^^^^^^^^^^^^^^^^^^^^^^^^^^^^^^^^^^ missing `compare_mask`, `reference`, `write_mask`
[INFO] [stdout] 
[INFO] [stdout] 
[INFO] [stdout] error[E0599]: no method named `recreate_with_dimension` found for struct `Arc<Swapchain<winit::Window>>` in the current scope
[INFO] [stdout]    --> src/graphics.rs:193:64
[INFO] [stdout]     |
[INFO] [stdout] 193 |         let (new_swapchain, new_images) = match self.swapchain.recreate_with_dimension(self.dimensions) {
[INFO] [stdout]     |                                                                ^^^^^^^^^^^^^^^^^^^^^^^ help: there is an associated function with a similar name: `recreate_with_dimensions`
[INFO] [stdout] 
[INFO] [stdout] 
[INFO] [stdout] error[E0061]: this function takes 4 arguments but 3 arguments were supplied
[INFO] [stdout]    --> src/graphics.rs:233:10
[INFO] [stdout]     |
[INFO] [stdout] 233 |          CpuAccessibleBuffer::from_iter(
[INFO] [stdout]     |          ^^^^^^^^^^^^^^^^^^^^^^^^^^^^^^ expected 4 arguments
[INFO] [stdout] 234 |              self.device.clone(),
[INFO] [stdout]     |              -------------------
[INFO] [stdout] 235 |              vulkano::buffer::BufferUsage::all(),
[INFO] [stdout]     |              -----------------------------------
[INFO] [stdout] 236 |              model.vertices().iter().cloned()).expect("failed to create buffer")
[INFO] [stdout]     |              -------------------------------- supplied 3 arguments
[INFO] [stdout] 
[INFO] [stdout] 
[INFO] [stdout] error[E0599]: no function or associated item named `default` found for struct `geometry::Vertex` in the current scope
[INFO] [stdout]   --> src/geometry.rs:18:1
[INFO] [stdout]    |
[INFO] [stdout] 10 | pub struct Vertex {
[INFO] [stdout]    | ----------------- function or associated item `default` not found for this
[INFO] [stdout] ...
[INFO] [stdout] 18 | impl_vertex!(Vertex, position, normal, uv, tangent_u, tangent_v);
[INFO] [stdout]    | ^^^^^^^^^^^^^^^^^^^^^^^^^^^^^^^^^^^^^^^^^^^^^^^^^^^^^^^^^^^^^^^^^ function or associated item not found in `geometry::Vertex`
[INFO] [stdout]    |
[INFO] [stdout]    = help: items from traits can only be used if the trait is implemented and in scope
[INFO] [stdout]    = note: the following trait defines an item `default`, perhaps you need to implement it:
[INFO] [stdout]            candidate #1: `std::default::Default`
[INFO] [stdout]    = note: this error originates in a macro (in Nightly builds, run with -Z macro-backtrace for more info)
[INFO] [stdout] 
[INFO] [stdout] 
[INFO] [stdout] error[E0599]: no function or associated item named `default` found for struct `geometry::Vertex` in the current scope
[INFO] [stdout]   --> src/geometry.rs:18:1
[INFO] [stdout]    |
[INFO] [stdout] 10 | pub struct Vertex {
[INFO] [stdout]    | ----------------- function or associated item `default` not found for this
[INFO] [stdout] ...
[INFO] [stdout] 18 | impl_vertex!(Vertex, position, normal, uv, tangent_u, tangent_v);
[INFO] [stdout]    | ^^^^^^^^^^^^^^^^^^^^^^^^^^^^^^^^^^^^^^^^^^^^^^^^^^^^^^^^^^^^^^^^^ function or associated item not found in `geometry::Vertex`
[INFO] [stdout]    |
[INFO] [stdout]    = help: items from traits can only be used if the trait is implemented and in scope
[INFO] [stdout]    = note: the following trait defines an item `default`, perhaps you need to implement it:
[INFO] [stdout]            candidate #1: `std::default::Default`
[INFO] [stdout]    = note: this error originates in a macro (in Nightly builds, run with -Z macro-backtrace for more info)
[INFO] [stdout] 
[INFO] [stdout] 
[INFO] [stdout] warning: unused import: `vulkano_win::VkSurfaceBuild`
[INFO] [stdout]   --> src/graphics.rs:11:5
[INFO] [stdout]    |
[INFO] [stdout] 11 | use vulkano_win::VkSurfaceBuild;
[INFO] [stdout]    |     ^^^^^^^^^^^^^^^^^^^^^^^^^^^
[INFO] [stdout]    |
[INFO] [stdout]    = note: `#[warn(unused_imports)]` on by default
[INFO] [stdout] 
[INFO] [stdout] 
[INFO] [stdout] error: aborting due to 6 previous errors; 8 warnings emitted
[INFO] [stdout] 
[INFO] [stdout] 
[INFO] [stdout] warning: unused import: `vulkano_win::VkSurfaceBuild`
[INFO] [stdout]   --> src/graphics.rs:11:5
[INFO] [stdout]    |
[INFO] [stdout] 11 | use vulkano_win::VkSurfaceBuild;
[INFO] [stdout]    |     ^^^^^^^^^^^^^^^^^^^^^^^^^^^
[INFO] [stdout]    |
[INFO] [stdout]    = note: `#[warn(unused_imports)]` on by default
[INFO] [stdout] 
[INFO] [stdout] 
[INFO] [stdout] Some errors have detailed explanations: E0061, E0063, E0599.
[INFO] [stdout] 
[INFO] [stdout] error: aborting due to 6 previous errors; 8 warnings emitted
[INFO] [stdout] 
[INFO] [stdout] 
[INFO] [stdout] For more information about an error, try `rustc --explain E0061`.
[INFO] [stdout] 
[INFO] [stdout] Some errors have detailed explanations: E0061, E0063, E0599.
[INFO] [stdout] 
[INFO] [stdout] For more information about an error, try `rustc --explain E0061`.
[INFO] [stdout] 
[INFO] [stderr] error: could not compile `render`.
[INFO] [stderr] 
[INFO] [stderr] To learn more, run the command again with --verbose.
[INFO] [stderr] warning: build failed, waiting for other jobs to finish...
[INFO] [stderr] error: build failed
[INFO] running `Command { std: "docker" "inspect" "99dbacedece342a5d3c7482fb2794d77f2f6215c8b547f4c4dd4a3655e68a40d", kill_on_drop: false }`
[INFO] running `Command { std: "docker" "rm" "-f" "99dbacedece342a5d3c7482fb2794d77f2f6215c8b547f4c4dd4a3655e68a40d", kill_on_drop: false }`
[INFO] [stdout] 99dbacedece342a5d3c7482fb2794d77f2f6215c8b547f4c4dd4a3655e68a40d
